 16
2a
-2011 (base 3) to base 2
-111010
Convert 0 (base 16) to base 15.
0
-5 (base 7) to base 2
-101
What is 2 (base 10) in base 6?
2
Convert -3 (base 11) to base 7.
-3
-101 (base 3) to base 11
-a
Convert 3 (base 7) to base 14.
3
Convert -12 (base 11) to base 16.
-d
Convert -1 (base 4) to base 5.
-1
-5 (base 14) to base 2
-101
What is -20 (base 12) in base 13?
-1b
What is 101 (base 2) in base 15?
5
-4 (base 12) to base 3
-11
Convert -132 (base 4) to base 12.
-26
Convert -1 (base 12) to base 15.
-1
What is -14 (base 10) in base 2?
-1110
What is -21 (base 4) in base 9?
-10
What is -41 (base 6) in base 16?
-19
What is 4 (base 7) in base 8?
4
Convert 8 (base 11) to base 9.
8
Convert -24 (base 11) to base 16.
-1a
Convert 1 (base 14) to base 6.
1
-20 (base 5) to base 15
-a
19 (base 15) to base 2
11000
What is -145 (base 12) in base 10?
-197
Convert -1 (base 4) to base 13.
-1
-2 (base 13) to base 7
-2
-cc (base 13) to base 3
-20020
-b (base 13) to base 6
-15
Convert 0 (base 13) to base 16.
0
4 (base 13) to base 11
4
-2 (base 5) to base 4
-2
-8 (base 9) to base 3
-22
50 (base 8) to base 3
1111
What is 111 (base 7) in base 2?
111001
Convert 2 (base 14) to base 11.
2
What is -139 (base 12) in base 16?
-bd
Convert 20 (base 14) to base 2.
11100
What is -110 (base 2) in base 8?
-6
131 (base 5) to base 3
1112
-2121 (base 4) to base 5
-1103
What is -112 (base 5) in base 9?
-35
-6 (base 11) to base 13
-6
-5 (base 11) to base 15
-5
What is 2 (base 6) in base 5?
2
Convert -18 (base 14) to base 8.
-26
What is 23 (base 15) in base 12?
29
Convert -1124 (base 5) to base 14.
-ba
Convert 1122 (base 3) to base 14.
32
Convert -335 (base 6) to base 14.
-95
12 (base 7) to base 6
13
Convert 13 (base 5) to base 8.
10
1 (base 3) to base 14
1
28 (base 10) to base 6
44
24 (base 5) to base 3
112
What is 10 (base 2) in base 10?
2
Convert -2100 (base 3) to base 7.
-120
Convert 0 (base 16) to base 3.
0
What is 3 (base 4) in base 11?
3
Convert 0 (base 2) to base 7.
0
19 (base 15) to base 7
33
-1201 (base 5) to base 14
-c8
-4 (base 6) to base 5
-4
Convert 5 (base 9) to base 16.
5
What is -40 (base 12) in base 4?
-300
43 (base 16) to base 11
61
1 (base 8) to base 12
1
What is -2 (base 5) in base 4?
-2
What is -202 (base 3) in base 5?
-40
-231 (base 4) to base 2
-101101
What is -3 (base 15) in base 9?
-3
Convert -10 (base 14) to base 6.
-22
What is -3 (base 9) in base 10?
-3
What is -2 (base 14) in base 5?
-2
What is c (base 16) in base 9?
13
c (base 13) to base 9
13
Convert -9 (base 16) to base 5.
-14
Convert 3 (base 14) to base 12.
3
29 (base 16) to base 12
35
Convert 2 (base 15) to base 3.
2
-10010 (base 2) to base 7
-24
-11 (base 2) to base 5
-3
What is -3 (base 4) in base 12?
-3
110 (base 3) to base 14
c
-7 (base 13) to base 5
-12
Convert 2 (base 7) to base 2.
10
What is 0 (base 14) in base 5?
0
Convert 223 (base 4) to base 13.
34
Convert 127 (base 10) to base 3.
11201
What is 16 (base 12) in base 6?
30
-33 (base 7) to base 16
-18
7 (base 11) to base 15
7
Convert 122 (base 4) to base 13.
20
What is -1131 (base 4) in base 16?
-5d
Convert 12 (base 3) to base 9.
5
100 (base 2) to base 5
4
Convert 21 (base 7) to base 10.
15
2 (base 9) to base 6
2
12212 (base 3) to base 14
b4
Convert -13 (base 7) to base 15.
-a
1010001 (base 2) to base 9
100
What is 44 (base 15) in base 13?
4c
Convert 6a (base 11) to base 8.
114
What is 24 (base 9) in base 2?
10110
What is 0 (base 3) in base 15?
0
Convert 2 (base 13) to base 3.
2
-34 (base 14) to base 4
-232
4 (base 7) to base 6
4
Convert 256 (base 11) to base 13.
1a4
Convert 4 (base 6) to base 5.
4
-11001 (base 2) to base 10
-25
What is -5b (base 13) in base 15?
-51
Convert -4 (base 7) to base 5.
-4
What is -4 (base 7) in base 2?
-100
What is 11 (base 2) in base 10?
3
-4 (base 12) to base 11
-4
Convert 67 (base 12) to base 16.
4f
Convert 0 (base 14) to base 2.
0
5 (base 15) to base 11
5
1 (base 3) to base 5
1
5 (base 15) to base 2
101
What is 2 (base 15) in base 12?
2
-19 (base 16) to base 4
-121
-22 (base 4) to base 14
-a
What is 541 (base 6) in base 8?
315
What is 1 (base 16) in base 8?
1
What is 4 (base 11) in base 15?
4
Convert -12 (base 3) to base 9.
-5
-10 (base 6) to base 4
-12
What is 1 (base 12) in base 14?
1
What is -67 (base 8) in base 15?
-3a
-3 (base 7) to base 15
-3
210 (base 3) to base 5
41
Convert 12 (base 3) to base 6.
5
What is 0 (base 10) in base 14?
0
Convert -1 (base 11) to base 6.
-1
-40 (base 5) to base 7
-26
What is -2 (base 14) in base 15?
-2
Convert -9 (base 12) to base 16.
-9
Convert -10 (base 8) to base 3.
-22
Convert -17 (base 14) to base 2.
-10101
What is 86 (base 10) in base 14?
62
44 (base 12) to base 5
202
What is 4 (base 11) in base 8?
4
Convert 1 (base 2) to base 14.
1
What is -1120 (base 4) in base 16?
-58
What is 2 (base 5) in base 7?
2
Convert 1 (base 13) to base 14.
1
0 (base 5) to base 8
0
2 (base 11) to base 12
2
What is -96 (base 11) in base 14?
-77
Convert 87 (base 10) to base 2.
1010111
Convert -18 (base 9) to base 15.
-12
Convert 12 (base 8) to base 7.
13
Convert -5d (base 16) to base 14.
-69
Convert 16 (base 15) to base 2.
10101
Convert -3c (base 15) to base 8.
-71
What is 34 (base 5) in base 15?
14
-2 (base 8) to base 15
-2
-110 (base 2) to base 11
-6
Convert -12210 (base 3) to base 4.
-2130
What is 5 (base 16) in base 13?
5
-120 (base 6) to base 2
-110000
Convert -1 (base 6) to base 7.
-1
Convert 2 (base 6) to base 11.
2
What is -23 (base 6) in base 14?
-11
Convert 11 (base 10) to base 2.
1011
c7 (base 13) to base 14
b9
Convert 3 (base 7) to base 13.
3
What is -3 (base 4) in base 13?
-3
306 (base 7) to base 13
ba
What is 1 (base 13) in base 12?
1
Convert -22121 (base 3) to base 14.
-128
What is -5 (base 6) in base 15?
-5
3 (base 6) to base 16
3
What is 43 (base 11) in base 2?
101111
What is -28 (base 11) in base 16?
-1e
Convert 3 (base 16) to base 6.
3
Convert -2 (base 10) to base 5.
-2
-12 (base 4) to base 7
-6
-304 (base 9) to base 11
-205
What is -1 (base 12) in base 6?
-1
What is 11 (base 3) in base 13?
4
-1 (base 5) to base 8
-1
3 (base 12) to base 6
3
Convert -3 (base 12) to base 2.
-11
What is -2220 (base 3) in base 9?
-86
Convert -101 (base 2) to base 8.
-5
26 (base 12) to base 4
132
Convert 1110 (base 2) to base 11.
13
Convert 3 (base 10) to base 8.
3
-9 (base 14) to base 3
-100
What is -12 (base 8) in base 3?
-101
2 (base 6) to base 16
2
Convert 210 (base 5) to base 9.
61
9 (base 13) to base 3
100
What is 23 (base 12) in base 16?
1b
What is 4 (base 7) in base 4?
10
Convert 120 (base 6) to base 12.
40
8 (base 11) to base 7
11
24 (base 16) to base 6
100
-110001 (base 2) to base 15
-34
What is -1 (base 12) in base 8?
-1
What is -10211 (base 4) in base 8?
-445
What is -143 (base 5) in base 11?
-44
What is -10 (base 15) in base 14?
-11
Convert 100 (base 3) to base 9.
10
What is 2 (base 8) in base 15?
2
Convert -37 (base 8) to base 16.
-1f
Convert -10 (base 3) to base 16.
-3
Convert 24 (base 5) to base 16.
e
-10 (base 3) to base 11
-3
What is -1003 (base 7) in base 8?
-532
What is 18 (base 10) in base 7?
24
Convert 5 (base 8) to base 12.
5
-100100 (base 2) to base 5
-121
What is 0 (base 6) in base 3?
0
13 (base 12) to base 2
1111
What is -7 (base 12) in base 15?
-7
Convert -a (base 16) to base 7.
-13
Convert -4 (base 16) to base 4.
-10
Convert -25 (base 6) to base 4.
-101
-2 (base 9) to base 15
-2
Convert -2 (base 15) to base 16.
-2
What is 17 (base 8) in base 6?
23
What is 220 (base 3) in base 11?
22
345 (base 8) to base 9
274
1 (base 16) to base 15
1
56 (base 8) to base 7
64
Convert -30 (base 10) to base 5.
-110
What is -1011 (base 3) in base 12?
-27
Convert 35 (base 6) to base 4.
113
What is -46 (base 9) in base 7?
-60
Convert -3 (base 4) to base 5.
-3
-31 (base 7) to base 4
-112
What is -210 (base 10) in base 15?
-e0
What is 2a (base 14) in base 5?
123
Convert -64 (base 12) to base 8.
-114
What is -105 (base 6) in base 5?
-131
11 (base 13) to base 14
10
43 (base 7) to base 4
133
What is -100101 (base 2) in base 3?
-1101
What is 0 (base 4) in base 13?
0
Convert -15 (base 15) to base 13.
-17
Convert -201 (base 4) to base 9.
-36
-1 (base 8) to base 6
-1
What is -9 (base 13) in base 5?
-14
What is -5 (base 15) in base 3?
-12
Convert 51 (base 6) to base 2.
11111
12 (base 3) to base 10
5
What is